 7, 37, 1033
List the prime factors of 1203225631.
29, 41490539
What are the prime factors of 170874223?
13, 13144171
What are the prime factors of 1265470270?
2, 5, 126547027
What are the prime factors of 1619749?
37, 43777
List the prime factors of 50953557.
3, 16984519
List the prime factors of 2609334003.
3, 251, 421, 8231
What are the prime factors of 45313669?
45313669
List the prime factors of 214287451.
7, 709, 43177
List the prime factors of 30253436.
2, 137, 55207
What are the prime factors of 4002059084?
2, 89, 773, 14543
What are the prime factors of 646854465?
3, 5, 59, 730909
List the prime factors of 345848414.
2, 172924207
List the prime factors of 292265224.
2, 17, 227, 9467
What are the prime factors of 1689382?
2, 83, 10177
List the prime factors of 13185521.
47, 127
What are the prime factors of 375435321?
3, 10289, 12163
What are the prime factors of 317169255?
3, 5, 13, 17, 241, 397
What are the prime factors of 658783528?
2, 13, 79, 181, 443
List the prime factors of 7142539627.
3041, 2348747
What are the prime factors of 983532394?
2, 13, 23, 1644703
What are the prime factors of 72384172?
2, 7, 73, 5059
What are the prime factors of 32880374?
2, 19, 29, 29837
What are the prime factors of 1179593469?
3, 227, 192461
List the prime factors of 1534371735.
3, 5, 13, 61, 128993
What are the prime factors of 283270341?
3, 2293, 41179
What are the prime factors of 58698031?
7, 739, 1621
List the prime factors of 32895101.
32895101
List the prime factors of 26668842.
2, 3, 4444807
List the prime factors of 347774041.
103, 1021, 3307
What are the prime factors of 7586045?
5, 1517209
What are the prime factors of 351250076?
2, 87812519
List the prime factors of 67289538.
2, 3, 1013, 11071
What are the prime factors of 844567260?
2, 3, 5, 14076121
List the prime factors of 1670800318.
2, 11, 75945469
What are the prime factors of 165468687?
3, 43, 1282703
What are the prime factors of 564866489?
11, 51351499
What are the prime factors of 15333251?
31, 494621
What are the prime factors of 2855326441?
11, 19, 13661849
List the prime factors of 165692989.
7, 11, 23, 93559
List the prime factors of 134545332.
2, 3, 31, 101, 3581
List the prime factors of 1665503090.
2, 5, 17, 43, 71, 3209
List the prime factors of 22060933.
23, 31, 30941
List the prime factors of 139292209.
7, 23, 89, 9721
List the prime factors of 10188144.
2, 3, 139, 509
List the prime factors of 114646540.
2, 5, 71, 80737
What are the prime factors of 10261263?
3, 3420421
What are the prime factors of 6226277?
6226277
List the prime factors of 4164519409.
571, 7293379
List the prime factors of 728128888.
2, 47, 587, 3299
List the prime factors of 2941644656.
2, 59, 3116149
What are the prime factors of 7884011246?
2, 61, 3463, 18661
What are the prime factors of 1324077825?
3, 5, 7, 2522053
What are the prime factors of 397374648?
2, 3, 11, 193, 709
What are the prime factors of 3084212?
2, 97, 7949
What are the prime factors of 30850724?
2, 523, 14747
What are the prime factors of 1294928259?
3, 431642753
List the prime factors of 2934441016.
2, 13, 19, 23, 64567
List the prime factors of 613132011.
3, 113, 827
List the prime factors of 301867818.
2, 3, 7, 181, 39709
List the prime factors of 101492623.
19, 14797
List the prime factors of 157450570.
2, 5, 29, 542933
List the prime factors of 232187381.
232187381
List the prime factors of 134701032.
2, 3, 19, 83, 3559
List the prime factors of 7496024927.
7496024927
What are the prime factors of 562075585?
5, 47, 83, 28817
What are the prime factors of 164597313?
3, 54865771
List the prime factors of 531367784.
2, 66420973
List the prime factors of 4497922047.
3, 61, 2749, 8941
List the prime factors of 425372825.
5, 61, 73, 3821
What are the prime factors of 2186033578?
2, 1093016789
List the prime factors of 28337030.
2, 5, 83, 34141
List the prime factors of 52937803.
421, 125743
List the prime factors of 23028337.
23028337
List the prime factors of 122870309.
173, 397, 1789
What are the prime factors of 308892989?
308892989
What are the prime factors of 1741527440?
2, 5, 21769093
What are the prime factors of 77442099?
3, 7, 661, 797
What are the prime factors of 4286060965?
5, 857212193
What are the prime factors of 249445483?
7, 35635069
List the prime factors of 48447643.
2477, 19559
What are the prime factors of 1223087252?
2, 349, 876137
List the prime factors of 160044840.
2, 3, 5, 444569
List the prime factors of 416185634.
2, 1361, 152897
What are the prime factors of 126532620?
2, 3, 5, 97, 7247
What are the prime factors of 137461310?
2, 5, 7, 1033, 1901
What are the prime factors of 37529439?
3, 12509813
What are the prime factors of 231360176?
2, 83, 2099
What are the prime factors of 174138401?
19, 9165179
What are the prime factors of 204966530?
2, 5, 47, 131, 3329
What are the prime factors of 236695996?
2, 19, 127, 137, 179
What are the prime factors of 230916249?
3, 25657361
What are the prime factors of 142265253?
3, 13, 3647827
List the prime factors of 1349501855.
5, 13, 20761567
List the prime factors of 454652340.
2, 3, 5, 397, 19087
What are the prime factors of 98702151?
3, 32900717
List the prime factors of 348477451.
7, 5309, 9377
What are the prime factors of 332784068?
2, 37, 151, 14891
List the prime factors of 111100850.
2, 5, 7, 317431
What are the prime factors of 4089929541?
3, 31, 6143, 7159
List the prime factors of 484494389.
484494389
List the prime factors of 176664446.
2, 7, 47, 268487
What are the prime factors of 39053930?
2, 5, 17, 19, 107, 113
List the prime factors of 625696120.
2, 5, 7, 2234629
List the prime factors of 99008032.
2, 139, 22259
List the prime factors of 2166360135.
3, 5, 31, 709, 6571
List the prime factors of 472865302.
2, 7, 13, 17, 152833
What are the prime factors of 551161635?
3, 5, 1471, 24979
What are the prime factors of 15585807?
3, 5195269
What are the prime factors of 154182150?
2, 3, 5, 19, 6011
List the prime factors of 536596611.
3, 178865537
List the prime factors of 546350233.
11, 13, 17, 224743
What are the prime factors of 386995015?
5, 11, 67, 105019
List the prime factors of 493542889.
7, 37, 491, 3881
List the prime factors of 51579609.
3, 1867, 9209
List the prime factors of 83593860.
2, 3, 5, 7, 199033
What are the prime factors of 56692826?
2, 167, 269, 631
List the prime factors of 15441495.
3, 5, 1029433
What are the prime factors of 440249781?
3, 43, 1597, 2137
List the prime factors of 2322279478.
2, 1161139739
List the prime factors of 9679715.
5, 17, 263, 433
List the prime factors of 14741539.
14741539
What are the prime factors of 567694864?
2, 11, 3225539
List the prime factors of 2341581526.
2, 67, 17474489
What are the prime factors of 6455517?
3, 67, 32117
What are the prime factors of 58245111?
3, 17, 199, 1913
What are the prime factors of 3201305221?
1033, 1087, 2851
List the prime factors of 3226096.
2, 163, 1237
What are the prime factors of 229200456?
2, 3, 29, 127, 2593
What are the prime factors of 1668319438?
2, 41, 20345359
List the prime factors of 140502983.
431, 325993
List the prime factors of 33788407.
33788407
What are the prime factors of 241804783?
11, 21982253
What are the prime factors of 25721916?
2, 3, 11, 194863
List the prime factors of 85723627.
11, 7793057
List the prime factors of 1794495110.
2, 5, 179449511
List the prime factors of 162964133.
397, 410489
List the prime factors of 1690626998.
2, 845313499
What are the prime factors of 216838373?
173, 1253401
List the prime factors of 1543224449.
13, 2467, 48119
List the prime factors of 24262028.
2, 7, 97, 8933
What are the prime factors of 141874322?
2, 29, 53, 46153
What are the prime factors of 1689809033?
11, 29, 5297207
List the prime factors of 96820829.
7, 59, 67, 3499
List the prime factors of 1842678635.
5, 7, 52647961
What are the prime factors of 212304610?
2, 5, 7, 857, 3539
List the prime factors of 1837751900.
2, 5, 18377519
What are the prime factors of 111851172?
2, 3, 1035659
What are the prime factors of 681399635?
5, 7, 1427, 1949
What are the prime factors of 195570675?
3, 5, 869203
What are the prime factors of 217421002?
2, 108710501
What are the prime factors of 1686500728?
2, 11, 229, 83689
List the prime fac